{"id":1035,"date":"2025-12-29T13:50:25","date_gmt":"2025-12-29T13:50:25","guid":{"rendered":"https:\/\/attente.sn\/?page_id=1035"},"modified":"2025-12-29T14:48:06","modified_gmt":"2025-12-29T14:48:06","slug":"faire-une-demande","status":"publish","type":"page","link":"https:\/\/attente.sn\/index.php\/faire-une-demande\/","title":{"rendered":"Faire une demande"},"content":{"rendered":"\t\t<div data-elementor-type=\"wp-page\" data-elementor-id=\"1035\" class=\"elementor elementor-1035\" data-elementor-post-type=\"page\">\n\t\t\t\t<div class=\"elementor-element elementor-element-8d2a900 e-flex e-con-boxed tcg-animation-none e-con e-parent\" data-id=\"8d2a900\" data-element_type=\"container\" data-settings=\"{&quot;tc_container_hover_selector&quot;:&quot;container&quot;,&quot;tc_container_background_parallax&quot;:&quot;no&quot;,&quot;tc_smooth_scroll_effects&quot;:&quot;none&quot;,&quot;tc_css_effects&quot;:&quot;none&quot;,&quot;tc_container_clip_path&quot;:&quot;none&quot;,&quot;tcg_advanced_hover&quot;:&quot;no&quot;,&quot;float_cursor&quot;:&quot;no&quot;,&quot;tc_dark_mode_responsive_hide_in_dark&quot;:&quot;no&quot;,&quot;tc_dark_mode_responsive_hide_in_light&quot;:&quot;no&quot;}\">\n\t\t\t\t\t<div class=\"e-con-inner\">\n\t\t\t\t<div class=\"elementor-element elementor-element-b626dee tcg-animation-none elementor-widget elementor-widget-wpforms\" data-id=\"b626dee\" data-element_type=\"widget\" data-settings=\"{&quot;tc_smooth_scroll_effects&quot;:&quot;none&quot;,&quot;tc_css_effects&quot;:&quot;none&quot;,&quot;tc_dark_mode_responsive_hide_in_dark&quot;:&quot;no&quot;,&quot;tc_dark_mode_responsive_hide_in_light&quot;:&quot;no&quot;}\" data-widget_type=\"wpforms.default\">\n\t\t\t\t<div class=\"elementor-widget-container\">\n\t\t\t\t\t<div class=\"wpforms-container wpforms-container-full wpforms-render-modern\" id=\"wpforms-1037\"><form id=\"wpforms-form-1037\" class=\"wpforms-validate wpforms-form wpforms-ajax-form\" data-formid=\"1037\" method=\"post\" enctype=\"multipart\/form-data\" action=\"\/index.php\/wp-json\/wp\/v2\/pages\/1035\" data-token=\"cc3b299e77ae5763f5cc61db44fbb39b\" data-token-time=\"1778308944\"><noscript class=\"wpforms-error-noscript\">Please enable JavaScript in your browser to complete this form.<\/noscript><div id=\"wpforms-error-noscript\" style=\"display: none;\">Please enable JavaScript in your browser to complete this form.<\/div><div class=\"wpforms-field-container\"><div id=\"wpforms-1037-field_26-container\" class=\"wpforms-field wpforms-field-divider\" data-field-id=\"26\"><h3 id=\"wpforms-1037-field_26\" aria-errormessage=\"wpforms-1037-field_26-error\">Informations Client<\/h3><\/div><div id=\"wpforms-1037-field_1-container\" class=\"wpforms-field wpforms-field-name\" data-field-id=\"1\"><fieldset><legend class=\"wpforms-field-label\">Nom du client <span class=\"wpforms-required-label\" aria-hidden=\"true\">*<\/span><\/legend><div class=\"wpforms-field-row wpforms-field-medium\"><div class=\"wpforms-field-row-block wpforms-first wpforms-one-half\"><input type=\"text\" id=\"wpforms-1037-field_1\" class=\"wpforms-field-name-first wpforms-field-required\" name=\"wpforms[fields][1][first]\" placeholder=\"Pr\u00e9nom\" aria-errormessage=\"wpforms-1037-field_1-error\" required><label for=\"wpforms-1037-field_1\" class=\"wpforms-field-sublabel after\">First<\/label><\/div><div class=\"wpforms-field-row-block wpforms-one-half\"><input type=\"text\" id=\"wpforms-1037-field_1-last\" class=\"wpforms-field-name-last wpforms-field-required\" name=\"wpforms[fields][1][last]\" placeholder=\"Nom\" aria-errormessage=\"wpforms-1037-field_1-last-error\" required><label for=\"wpforms-1037-field_1-last\" class=\"wpforms-field-sublabel after\">Last<\/label><\/div><\/div><\/fieldset><\/div><div id=\"wpforms-1037-field_4-container\" class=\"wpforms-field wpforms-field-phone\" data-field-id=\"4\"><label class=\"wpforms-field-label\" for=\"wpforms-1037-field_4\">Telephone du client <span class=\"wpforms-required-label\" aria-hidden=\"true\">*<\/span><\/label><input type=\"tel\" id=\"wpforms-1037-field_4\" class=\"wpforms-field-medium wpforms-field-required\" data-rule-int-phone-field=\"true\" name=\"wpforms[fields][4]\" aria-label=\"Telephone du client\" aria-errormessage=\"wpforms-1037-field_4-error\" required><\/div><div id=\"wpforms-1037-field_27-container\" class=\"wpforms-field wpforms-field-divider\" data-field-id=\"27\"><h3 id=\"wpforms-1037-field_27\" aria-errormessage=\"wpforms-1037-field_27-error\">Informations Cible<\/h3><\/div><div id=\"wpforms-1037-field_7-container\" class=\"wpforms-field wpforms-field-select wpforms-field-select-style-classic\" data-field-id=\"7\"><label class=\"wpforms-field-label\" for=\"wpforms-1037-field_7\">Ville de la cible<\/label><select id=\"wpforms-1037-field_7\" class=\"wpforms-field-medium\" name=\"wpforms[fields][7]\"><option value=\"Bakel\"  class=\"choice-4 depth-1\"  >Bakel<\/option><option value=\"Bignona\"  class=\"choice-6 depth-1\"  >Bignona<\/option><option value=\"Dagana\"  class=\"choice-8 depth-1\"  >Dagana<\/option><option value=\"Dakar\"  class=\"choice-10 depth-1\"  >Dakar<\/option><option value=\"Diourbel\"  class=\"choice-12 depth-1\"  >Diourbel<\/option><option value=\"Fatick\"  class=\"choice-14 depth-1\"  >Fatick<\/option><option value=\"Gu\u00e9diawaye\"  class=\"choice-16 depth-1\"  >Gu\u00e9diawaye<\/option><option value=\"Kaffrine\"  class=\"choice-18 depth-1\"  >Kaffrine<\/option><option value=\"Kaolack\"  class=\"choice-20 depth-1\"  >Kaolack<\/option><option value=\"K\u00e9dougou\"  class=\"choice-22 depth-1\"  >K\u00e9dougou<\/option><option value=\"K\u00e9b\u00e9mer\"  class=\"choice-24 depth-1\"  >K\u00e9b\u00e9mer<\/option><option value=\"Kolda\"  class=\"choice-26 depth-1\"  >Kolda<\/option><option value=\"Lingu\u00e8re\"  class=\"choice-28 depth-1\"  >Lingu\u00e8re<\/option><option value=\"Louga\"  class=\"choice-30 depth-1\"  >Louga<\/option><option value=\"Matam\"  class=\"choice-32 depth-1\"  >Matam<\/option><option value=\"Mbour\"  class=\"choice-34 depth-1\"  >Mbour<\/option><option value=\"Nioro du Rip\"  class=\"choice-36 depth-1\"  >Nioro du Rip<\/option><option value=\"Pikine\"  class=\"choice-38 depth-1\"  >Pikine<\/option><option value=\"Podor\"  class=\"choice-40 depth-1\"  >Podor<\/option><option value=\"Richard-Toll\"  class=\"choice-42 depth-1\"  >Richard-Toll<\/option><option value=\"Rufisque\"  class=\"choice-44 depth-1\"  >Rufisque<\/option><option value=\"Saint-Louis\"  class=\"choice-46 depth-1\"  >Saint-Louis<\/option><option value=\"S\u00e9dhiou\"  class=\"choice-48 depth-1\"  >S\u00e9dhiou<\/option><option value=\"Tambacounda\"  class=\"choice-50 depth-1\"  >Tambacounda<\/option><option value=\"Thi\u00e8s\"  class=\"choice-52 depth-1\"  >Thi\u00e8s<\/option><option value=\"Tivaouane\"  class=\"choice-54 depth-1\"  >Tivaouane<\/option><option value=\"Touba\"  class=\"choice-56 depth-1\"  >Touba<\/option><option value=\"V\u00e9lingara\"  class=\"choice-58 depth-1\"  >V\u00e9lingara<\/option><option value=\"Ziguinchor\"  class=\"choice-60 depth-1\"  >Ziguinchor<\/option><\/select><\/div><div id=\"wpforms-1037-field_6-container\" class=\"wpforms-field wpforms-field-text\" data-field-id=\"6\"><label class=\"wpforms-field-label\" for=\"wpforms-1037-field_6\">Adresse de la cible<\/label><input type=\"text\" id=\"wpforms-1037-field_6\" class=\"wpforms-field-medium\" name=\"wpforms[fields][6]\" aria-errormessage=\"wpforms-1037-field_6-error\" ><\/div><div id=\"wpforms-1037-field_8-container\" class=\"wpforms-field wpforms-field-date-time\" data-field-id=\"8\"><fieldset><legend class=\"wpforms-field-label\">D\u00e9but de la mission <span class=\"wpforms-required-label\" aria-hidden=\"true\">*<\/span><\/legend><div class=\"wpforms-field-row wpforms-field-medium\"><div class=\"wpforms-field-row-block wpforms-date-type-datepicker\"><div class=\"wpforms-datepicker-wrap\"><input type=\"text\" id=\"wpforms-1037-field_8\" class=\"wpforms-field-date-time-date wpforms-datepicker wpforms-field-required\" data-date-format=\"m\/d\/Y\" data-disable-past-dates=\"0\" data-input=\"true\" name=\"wpforms[fields][8][date]\" aria-errormessage=\"wpforms-1037-field_8-error\" required><a title=\"Clear Date\" data-clear role=\"button\" tabindex=\"0\" class=\"wpforms-datepicker-clear\" aria-label=\"Clear Date\" style=\"display:none;\"><\/a><\/div><label for=\"wpforms-1037-field_8\" class=\"wpforms-field-sublabel after\">Date<\/label><\/div><div class=\"wpforms-field-row-block\"><input type=\"text\" id=\"wpforms-1037-field_8-time\" class=\"wpforms-field-date-time-time wpforms-timepicker wpforms-field-required\" data-time-format=\"H:i\" data-step=\"30\" data-rule-time24h=\"true\" name=\"wpforms[fields][8][time]\" aria-errormessage=\"wpforms-1037-field_8-time-error\" required><label for=\"wpforms-1037-field_8-time\" class=\"wpforms-field-sublabel after\">Time<\/label><\/div><\/div><\/fieldset><\/div><div id=\"wpforms-1037-field_9-container\" class=\"wpforms-field wpforms-field-date-time\" data-field-id=\"9\"><fieldset><legend class=\"wpforms-field-label\">Fin de la mission <span class=\"wpforms-required-label\" aria-hidden=\"true\">*<\/span><\/legend><div class=\"wpforms-field-row wpforms-field-medium\"><div class=\"wpforms-field-row-block wpforms-date-type-datepicker\"><div class=\"wpforms-datepicker-wrap\"><input type=\"text\" id=\"wpforms-1037-field_9\" class=\"wpforms-field-date-time-date wpforms-datepicker wpforms-field-required\" data-date-format=\"m\/d\/Y\" data-disable-past-dates=\"0\" data-input=\"true\" name=\"wpforms[fields][9][date]\" aria-errormessage=\"wpforms-1037-field_9-error\" required><a title=\"Clear Date\" data-clear role=\"button\" tabindex=\"0\" class=\"wpforms-datepicker-clear\" aria-label=\"Clear Date\" style=\"display:none;\"><\/a><\/div><label for=\"wpforms-1037-field_9\" class=\"wpforms-field-sublabel after\">Date<\/label><\/div><div class=\"wpforms-field-row-block\"><input type=\"text\" id=\"wpforms-1037-field_9-time\" class=\"wpforms-field-date-time-time wpforms-timepicker wpforms-field-required\" data-time-format=\"H:i\" data-step=\"30\" data-rule-time24h=\"true\" name=\"wpforms[fields][9][time]\" aria-errormessage=\"wpforms-1037-field_9-time-error\" required><label for=\"wpforms-1037-field_9-time\" class=\"wpforms-field-sublabel after\">Time<\/label><\/div><\/div><\/fieldset><\/div><div id=\"wpforms-1037-field_3-container\" class=\"wpforms-field wpforms-field-textarea\" data-field-id=\"3\"><label class=\"wpforms-field-label\" for=\"wpforms-1037-field_3\">Autres d\u00e9tails <\/label><textarea id=\"wpforms-1037-field_3\" class=\"wpforms-field-medium\" name=\"wpforms[fields][3]\" aria-errormessage=\"wpforms-1037-field_3-error\" ><\/textarea><\/div><div id=\"wpforms-1037-field_16-container\" class=\"wpforms-field wpforms-field-content\" data-field-id=\"16\"><div id=\"wpforms-1037-field_16\" class=\"wpforms-field-large wpforms-field-row\" aria-errormessage=\"wpforms-1037-field_16-error\"><h4><span style=\"color:#ff0000\">Termes et conditions<\/span><\/h4>\n<p>Avant de proc\u00e9der \u00e0 l\u2019envoi et au paiement de votre demande, vous devez imp\u00e9rativement <a href=\"https:\/\/attente.sn\/index.php\/conditions-client\/\" target=\"_blank\" rel=\"noopener\">lire et accepter l\u2019ensemble des Conditions G\u00e9n\u00e9rales d\u2019Utilisation et des Termes du service<\/a>. La validation de cette \u00e9tape vaut acceptation totale et sans r\u00e9serve de ces conditions.<\/p>\n<div class=\"wpforms-field-content-display-frontend-clear\"><\/div><\/div><\/div><div id=\"wpforms-1037-field_28-container\" class=\"wpforms-field wpforms-field-checkbox\" data-field-id=\"28\"><fieldset><legend class=\"wpforms-field-label\">Termes et conditions <span class=\"wpforms-required-label\" aria-hidden=\"true\">*<\/span><\/legend><ul id=\"wpforms-1037-field_28\" class=\"wpforms-field-required\"><li class=\"choice-1 depth-1\"><input type=\"checkbox\" id=\"wpforms-1037-field_28_1\" name=\"wpforms[fields][28][]\" value=\"J\u2019ai lu et j\u2019accepte l\u2019ensemble des Conditions G\u00e9n\u00e9rales d\u2019Utilisation et des Termes du service d\u2019AttenteExpress.\" aria-errormessage=\"wpforms-1037-field_28_1-error\" required ><label class=\"wpforms-field-label-inline\" for=\"wpforms-1037-field_28_1\">J\u2019ai lu et j\u2019accepte l\u2019ensemble des Conditions G\u00e9n\u00e9rales d\u2019Utilisation et des Termes du service d\u2019AttenteExpress.<\/label><\/li><\/ul><\/fieldset><\/div>\t\t<div id=\"wpforms-1037-field_2-container\"\n\t\t\tclass=\"wpforms-field wpforms-field-text\"\n\t\t\tdata-field-type=\"text\"\n\t\t\tdata-field-id=\"2\"\n\t\t\t>\n\t\t\t<label class=\"wpforms-field-label\" for=\"wpforms-1037-field_2\" >\u00eates Cible de<\/label>\n\t\t\t<input type=\"text\" id=\"wpforms-1037-field_2\" class=\"wpforms-field-medium\" name=\"wpforms[fields][2]\" >\n\t\t<\/div>\n\t\t<div id=\"wpforms-1037-field_23-container\" class=\"wpforms-field wpforms-field-captcha\" data-field-id=\"23\"><label class=\"wpforms-field-label\" for=\"wpforms-1037-field_23\">Nous v\u00e9rifions que vous \u00eates humain <span class=\"wpforms-required-label\" aria-hidden=\"true\">*<\/span><\/label><p id=\"wpforms-1037-field_23-question\" class=\"wpforms-captcha-question\">1+1=?<\/p>\n\t\t<input type=\"text\" id=\"wpforms-1037-field_23\" class=\"wpforms-field-medium wpforms-field-required a\" data-rule-wpf-captcha=\"qa\" data-is-wrapped-field=\"1\" data-a=\"2\" name=\"wpforms[fields][23][a]\" aria-errormessage=\"wpforms-1037-field_23-error\" aria-describedby=\"wpforms-1037-field_23-question\" required>\n\t\t<input type=\"hidden\" name=\"wpforms[fields][23][q]\" value=\"1\">\n\n\t\t<\/div><script>\n\t\t\t\t( function() {\n\t\t\t\t\tconst style = document.createElement( 'style' );\n\t\t\t\t\tstyle.appendChild( document.createTextNode( '#wpforms-1037-field_2-container { position: absolute !important; overflow: hidden !important; display: inline !important; height: 1px !important; width: 1px !important; z-index: -1000 !important; padding: 0 !important; } #wpforms-1037-field_2-container input { visibility: hidden; } #wpforms-conversational-form-page #wpforms-1037-field_2-container label { counter-increment: none; }' ) );\n\t\t\t\t\tdocument.head.appendChild( style );\n\t\t\t\t\tdocument.currentScript?.remove();\n\t\t\t\t} )();\n\t\t\t<\/script><\/div><!-- .wpforms-field-container --><div class=\"wpforms-submit-container\" ><input type=\"hidden\" name=\"wpforms[id]\" value=\"1037\"><input type=\"hidden\" name=\"page_title\" value=\"\"><input type=\"hidden\" name=\"page_url\" value=\"https:\/\/attente.sn\/index.php\/wp-json\/wp\/v2\/pages\/1035\"><input type=\"hidden\" name=\"url_referer\" value=\"\"><button type=\"submit\" name=\"wpforms[submit]\" id=\"wpforms-submit-1037\" class=\"wpforms-submit\" data-alt-text=\"Sending...\" data-submit-text=\"Envoyer\" aria-live=\"assertive\" value=\"wpforms-submit\">Envoyer<\/button><img decoding=\"async\" src=\"https:\/\/attente.sn\/wp-content\/plugins\/wpforms\/assets\/images\/submit-spin.svg\" class=\"wpforms-submit-spinner\" style=\"display: none;\" width=\"26\" height=\"26\" alt=\"Loading\"><\/div><\/form><\/div>  <!-- .wpforms-container -->\t\t\t\t<\/div>\n\t\t\t\t<\/div>\n\t\t\t\t\t<\/div>\n\t\t\t\t<\/div>\n\t\t<div class=\"elementor-element elementor-element-7de3071 e-flex e-con-boxed tcg-animation-none e-con e-parent\" data-id=\"7de3071\" data-element_type=\"container\" data-settings=\"{&quot;tc_container_hover_selector&quot;:&quot;container&quot;,&quot;tc_container_background_parallax&quot;:&quot;no&quot;,&quot;tc_smooth_scroll_effects&quot;:&quot;none&quot;,&quot;tc_css_effects&quot;:&quot;none&quot;,&quot;tc_container_clip_path&quot;:&quot;none&quot;,&quot;tcg_advanced_hover&quot;:&quot;no&quot;,&quot;float_cursor&quot;:&quot;no&quot;,&quot;tc_dark_mode_responsive_hide_in_dark&quot;:&quot;no&quot;,&quot;tc_dark_mode_responsive_hide_in_light&quot;:&quot;no&quot;}\">\n\t\t\t\t\t<div class=\"e-con-inner\">\n\t\t\t\t\t<\/div>\n\t\t\t\t<\/div>\n\t\t\t\t<\/div>\n\t\t","protected":false},"excerpt":{"rendered":"<p>Please enable JavaScript in your browser to complete this form.Please enable JavaScript in your browser to complete this form. Nom * FirstLast Telephone * EmailComment or MessageSingle Line TextSingle Line TextDropdownBakelBignonaDaganaDakarDiourbelFatickGu\u00e9diawayeKaffrineKaolackK\u00e9dougouK\u00e9b\u00e9merKoldaLingu\u00e8reLougaMatamMbourNioro du RipPikinePodorRichard-TollRufisqueSaint-LouisS\u00e9dhiouTambacoundaThi\u00e8sTivaouaneToubaV\u00e9lingaraZiguinchor Envoyer<\/p>\n","protected":false},"author":1,"featured_media":0,"parent":0,"menu_order":0,"comment_status":"closed","ping_status":"closed","template":"","meta":{"content-type":"","footnotes":""},"class_list":["post-1035","page","type-page","status-publish","hentry"],"_links":{"self":[{"href":"https:\/\/attente.sn\/index.php\/wp-json\/wp\/v2\/pages\/1035","targetHints":{"allow":["GET"]}}],"collection":[{"href":"https:\/\/attente.sn\/index.php\/wp-json\/wp\/v2\/pages"}],"about":[{"href":"https:\/\/attente.sn\/index.php\/wp-json\/wp\/v2\/types\/page"}],"author":[{"embeddable":true,"href":"https:\/\/attente.sn\/index.php\/wp-json\/wp\/v2\/users\/1"}],"replies":[{"embeddable":true,"href":"https:\/\/attente.sn\/index.php\/wp-json\/wp\/v2\/comments?post=1035"}],"version-history":[{"count":5,"href":"https:\/\/attente.sn\/index.php\/wp-json\/wp\/v2\/pages\/1035\/revisions"}],"predecessor-version":[{"id":1050,"href":"https:\/\/attente.sn\/index.php\/wp-json\/wp\/v2\/pages\/1035\/revisions\/1050"}],"wp:attachment":[{"href":"https:\/\/attente.sn\/index.php\/wp-json\/wp\/v2\/media?parent=1035"}],"curies":[{"name":"wp","href":"https:\/\/api.w.org\/{rel}","templated":true}]}}